{"id":251,"date":"2016-08-23T10:46:34","date_gmt":"2016-08-23T08:46:34","guid":{"rendered":"http:\/\/www.sakerhetsmaklarna.se\/?page_id=251"},"modified":"2016-08-23T10:46:34","modified_gmt":"2016-08-23T08:46:34","slug":"stallningslarm","status":"publish","type":"page","link":"https:\/\/www.sakerhetsmaklarna.se\/?page_id=251","title":{"rendered":"St\u00e4llningslarm"},"content":{"rendered":"<p><strong>V\u00e4nd dig till oss p\u00e5 S\u00e4kerhetsm\u00e4klarna n\u00e4r du \u00e4r ute efter ett st\u00e4llningslarm till din byggarbetsplats. Vi \u00e4r ett f\u00f6retag med m\u00e5nga \u00e5rs erfarenhet av s\u00e4kerhetsbranschen och vi arbetar med uthyrning och installation av larm, fr\u00e4mst till f\u00f6retag inom bygg, fastighet och industri. <\/strong><\/p>\n<p><span style=\"font-weight: 400;\">D\u00e4r \u00e4r behovet av larm oftast tillf\u00e4lligt. Vi arbetar alltid snabbt och seri\u00f6st, och kan oftast ha larmet i drift redan samma dag som best\u00e4llningen. Detta tack vare att vi till stor del arbetar med tr\u00e5dl\u00f6sa detektorer.<\/span><\/p>\n<p><span style=\"font-weight: 400;\">N\u00e4r ni anlitar oss f\u00f6r ett st\u00e4llningslarm ordnar vi allting \u00e5t er, med installation, montering och uppkoppling till larmcentral. D\u00e4refter monterar vi ner larmet igen n\u00e4r det inte l\u00e4ngre beh\u00f6vs. <\/span><\/p>\n<p><span style=\"font-weight: 400;\">Om n\u00e5got skulle h\u00e4nda meddelas larmcentralen omedelbart som kan vidta \u00e5tg\u00e4rder genom att skicka en v\u00e4ktare till platsen. V\u00e5ra st\u00e4llningslarm \u00e4r mycket flexibla &#8211; vi anpassar alltid v\u00e5ra larml\u00f6sningar efter de behov och f\u00f6ruts\u00e4ttningar som finns, och larmen kan \u00e4ndras i takt med byggnationens g\u00e5ng.<\/span><\/p>\n<h2><b>Anlita oss f\u00f6r ett st\u00e4llningslarm<\/b><\/h2>\n<p><span style=\"font-weight: 400;\">Om du \u00e4r intresserad av ett st\u00e4llningslarm fr\u00e5n oss p\u00e5 S\u00e4kerhetsm\u00e4klarna \u00e4r du varmt v\u00e4lkommen att h\u00f6ra av dig till oss s\u00e5 hj\u00e4lper vi dig. <\/span><\/p>\n<p><span style=\"font-weight: 400;\">Sl\u00e5 oss en signal s\u00e5 kan vi boka in en tid f\u00f6r installation. <\/span><\/p>\n","protected":false},"excerpt":{"rendered":"<p>V\u00e4nd dig till oss p\u00e5 S\u00e4kerhetsm\u00e4klarna n\u00e4r du \u00e4r ute efter ett st\u00e4llningslarm till din byggarbetsplats. Vi \u00e4r ett f\u00f6retag med m\u00e5nga \u00e5rs erfarenhet av s\u00e4kerhetsbranschen och vi arbetar med<\/p>\n<p><a class=\"read-more\" href=\"https:\/\/www.sakerhetsmaklarna.se\/?page_id=251\">L\u00e4s vidare \u00bb<\/a><\/p>\n","protected":false},"author":1,"featured_media":146,"parent":0,"menu_order":100,"comment_status":"closed","ping_status":"closed","template":"page-bmall.php","meta":[],"yoast_head":"<!-- This site is optimized with the Yoast SEO plugin v19.11 - https:\/\/yoast.com\/wordpress\/plugins\/seo\/ -->\n<title>St\u00e4llningslarm - Kontakta oss p\u00e5 S\u00e4kerhetsm\u00e4klarna i Sverige AB<\/title>\n<meta name=\"description\" content=\"S\u00e4kerhetsm\u00e4klarna erbjuder st\u00e4llningslarm till f\u00f6retag. Med oss hyr du f\u00f6r s\u00e5 l\u00e5ng tid du beh\u00f6ver och vi arbetar alltid snabbt och seri\u00f6st. V\u00e4lkommen!\" \/>\n<meta name=\"robots\" content=\"index, follow, max-snippet:-1, max-image-preview:large, max-video-preview:-1\" \/>\n<link rel=\"canonical\" href=\"https:\/\/www.sakerhetsmaklarna.se\/?page_id=251\" \/>\n<meta property=\"og:locale\" content=\"sv_SE\" \/>\n<meta property=\"og:type\" content=\"article\" \/>\n<meta property=\"og:title\" content=\"St\u00e4llningslarm - Kontakta oss p\u00e5 S\u00e4kerhetsm\u00e4klarna i Sverige AB\" \/>\n<meta property=\"og:description\" content=\"S\u00e4kerhetsm\u00e4klarna erbjuder st\u00e4llningslarm till f\u00f6retag. Med oss hyr du f\u00f6r s\u00e5 l\u00e5ng tid du beh\u00f6ver och vi arbetar alltid snabbt och seri\u00f6st. V\u00e4lkommen!\" \/>\n<meta property=\"og:url\" content=\"https:\/\/www.sakerhetsmaklarna.se\/?page_id=251\" \/>\n<meta property=\"og:site_name\" content=\"S\u00e4kerhetsm\u00e4klarna i Sverige AB\" \/>\n<meta property=\"og:image\" content=\"https:\/\/www.sakerhetsmaklarna.se\/wp-content\/uploads\/2016\/07\/4.jpg\" \/>\n\t<meta property=\"og:image:width\" content=\"2000\" \/>\n\t<meta property=\"og:image:height\" content=\"300\" \/>\n\t<meta property=\"og:image:type\" content=\"image\/jpeg\" \/>\n<meta name=\"twitter:card\" content=\"summary_large_image\" \/>\n<meta name=\"twitter:label1\" content=\"Ber\u00e4knad l\u00e4stid\" \/>\n\t<meta name=\"twitter:data1\" content=\"1 minut\" \/>\n<script type=\"application\/ld+json\" class=\"yoast-schema-graph\">{\"@context\":\"https:\/\/schema.org\",\"@graph\":[{\"@type\":\"WebPage\",\"@id\":\"https:\/\/www.sakerhetsmaklarna.se\/?page_id=251\",\"url\":\"https:\/\/www.sakerhetsmaklarna.se\/?page_id=251\",\"name\":\"St\u00e4llningslarm - Kontakta oss p\u00e5 S\u00e4kerhetsm\u00e4klarna i Sverige AB\",\"isPartOf\":{\"@id\":\"https:\/\/www.sakerhetsmaklarna.se\/#website\"},\"datePublished\":\"2016-08-23T08:46:34+00:00\",\"dateModified\":\"2016-08-23T08:46:34+00:00\",\"description\":\"S\u00e4kerhetsm\u00e4klarna erbjuder st\u00e4llningslarm till f\u00f6retag. Med oss hyr du f\u00f6r s\u00e5 l\u00e5ng tid du beh\u00f6ver och vi arbetar alltid snabbt och seri\u00f6st. V\u00e4lkommen!\",\"breadcrumb\":{\"@id\":\"https:\/\/www.sakerhetsmaklarna.se\/?page_id=251#breadcrumb\"},\"inLanguage\":\"sv-SE\",\"potentialAction\":[{\"@type\":\"ReadAction\",\"target\":[\"https:\/\/www.sakerhetsmaklarna.se\/?page_id=251\"]}]},{\"@type\":\"BreadcrumbList\",\"@id\":\"https:\/\/www.sakerhetsmaklarna.se\/?page_id=251#breadcrumb\",\"itemListElement\":[{\"@type\":\"ListItem\",\"position\":1,\"name\":\"Hem\",\"item\":\"https:\/\/www.sakerhetsmaklarna.se\/\"},{\"@type\":\"ListItem\",\"position\":2,\"name\":\"St\u00e4llningslarm\"}]},{\"@type\":\"WebSite\",\"@id\":\"https:\/\/www.sakerhetsmaklarna.se\/#website\",\"url\":\"https:\/\/www.sakerhetsmaklarna.se\/\",\"name\":\"S\u00e4kerhetsm\u00e4klarna i Sverige AB\",\"description\":\"Bygglarm Stockholm\",\"potentialAction\":[{\"@type\":\"SearchAction\",\"target\":{\"@type\":\"EntryPoint\",\"urlTemplate\":\"https:\/\/www.sakerhetsmaklarna.se\/?s={search_term_string}\"},\"query-input\":\"required name=search_term_string\"}],\"inLanguage\":\"sv-SE\"}]}<\/script>\n<!-- \/ Yoast SEO plugin. -->","yoast_head_json":{"title":"St\u00e4llningslarm - Kontakta oss p\u00e5 S\u00e4kerhetsm\u00e4klarna i Sverige AB","description":"S\u00e4kerhetsm\u00e4klarna erbjuder st\u00e4llningslarm till f\u00f6retag. Med oss hyr du f\u00f6r s\u00e5 l\u00e5ng tid du beh\u00f6ver och vi arbetar alltid snabbt och seri\u00f6st. V\u00e4lkommen!","robots":{"index":"index","follow":"follow","max-snippet":"max-snippet:-1","max-image-preview":"max-image-preview:large","max-video-preview":"max-video-preview:-1"},"canonical":"https:\/\/www.sakerhetsmaklarna.se\/?page_id=251","og_locale":"sv_SE","og_type":"article","og_title":"St\u00e4llningslarm - Kontakta oss p\u00e5 S\u00e4kerhetsm\u00e4klarna i Sverige AB","og_description":"S\u00e4kerhetsm\u00e4klarna erbjuder st\u00e4llningslarm till f\u00f6retag. Med oss hyr du f\u00f6r s\u00e5 l\u00e5ng tid du beh\u00f6ver och vi arbetar alltid snabbt och seri\u00f6st. V\u00e4lkommen!","og_url":"https:\/\/www.sakerhetsmaklarna.se\/?page_id=251","og_site_name":"S\u00e4kerhetsm\u00e4klarna i Sverige AB","og_image":[{"width":2000,"height":300,"url":"https:\/\/www.sakerhetsmaklarna.se\/wp-content\/uploads\/2016\/07\/4.jpg","type":"image\/jpeg"}],"twitter_card":"summary_large_image","twitter_misc":{"Ber\u00e4knad l\u00e4stid":"1 minut"},"schema":{"@context":"https:\/\/schema.org","@graph":[{"@type":"WebPage","@id":"https:\/\/www.sakerhetsmaklarna.se\/?page_id=251","url":"https:\/\/www.sakerhetsmaklarna.se\/?page_id=251","name":"St\u00e4llningslarm - Kontakta oss p\u00e5 S\u00e4kerhetsm\u00e4klarna i Sverige AB","isPartOf":{"@id":"https:\/\/www.sakerhetsmaklarna.se\/#website"},"datePublished":"2016-08-23T08:46:34+00:00","dateModified":"2016-08-23T08:46:34+00:00","description":"S\u00e4kerhetsm\u00e4klarna erbjuder st\u00e4llningslarm till f\u00f6retag. Med oss hyr du f\u00f6r s\u00e5 l\u00e5ng tid du beh\u00f6ver och vi arbetar alltid snabbt och seri\u00f6st. V\u00e4lkommen!","breadcrumb":{"@id":"https:\/\/www.sakerhetsmaklarna.se\/?page_id=251#breadcrumb"},"inLanguage":"sv-SE","potentialAction":[{"@type":"ReadAction","target":["https:\/\/www.sakerhetsmaklarna.se\/?page_id=251"]}]},{"@type":"BreadcrumbList","@id":"https:\/\/www.sakerhetsmaklarna.se\/?page_id=251#breadcrumb","itemListElement":[{"@type":"ListItem","position":1,"name":"Hem","item":"https:\/\/www.sakerhetsmaklarna.se\/"},{"@type":"ListItem","position":2,"name":"St\u00e4llningslarm"}]},{"@type":"WebSite","@id":"https:\/\/www.sakerhetsmaklarna.se\/#website","url":"https:\/\/www.sakerhetsmaklarna.se\/","name":"S\u00e4kerhetsm\u00e4klarna i Sverige AB","description":"Bygglarm Stockholm","potentialAction":[{"@type":"SearchAction","target":{"@type":"EntryPoint","urlTemplate":"https:\/\/www.sakerhetsmaklarna.se\/?s={search_term_string}"},"query-input":"required name=search_term_string"}],"inLanguage":"sv-SE"}]}},"_links":{"self":[{"href":"https:\/\/www.sakerhetsmaklarna.se\/index.php?rest_route=\/wp\/v2\/pages\/251"}],"collection":[{"href":"https:\/\/www.sakerhetsmaklarna.se\/index.php?rest_route=\/wp\/v2\/pages"}],"about":[{"href":"https:\/\/www.sakerhetsmaklarna.se\/index.php?rest_route=\/wp\/v2\/types\/page"}],"author":[{"embeddable":true,"href":"https:\/\/www.sakerhetsmaklarna.se\/index.php?rest_route=\/wp\/v2\/users\/1"}],"replies":[{"embeddable":true,"href":"https:\/\/www.sakerhetsmaklarna.se\/index.php?rest_route=%2Fwp%2Fv2%2Fcomments&post=251"}],"version-history":[{"count":1,"href":"https:\/\/www.sakerhetsmaklarna.se\/index.php?rest_route=\/wp\/v2\/pages\/251\/revisions"}],"predecessor-version":[{"id":252,"href":"https:\/\/www.sakerhetsmaklarna.se\/index.php?rest_route=\/wp\/v2\/pages\/251\/revisions\/252"}],"wp:featuredmedia":[{"embeddable":true,"href":"https:\/\/www.sakerhetsmaklarna.se\/index.php?rest_route=\/wp\/v2\/media\/146"}],"wp:attachment":[{"href":"https:\/\/www.sakerhetsmaklarna.se\/index.php?rest_route=%2Fwp%2Fv2%2Fmedia&parent=251"}],"curies":[{"name":"wp","href":"https:\/\/api.w.org\/{rel}","templated":true}]}}