{"id":161,"date":"2016-07-25T11:44:39","date_gmt":"2016-07-25T09:44:39","guid":{"rendered":"http:\/\/www.sakerhetsmaklarna.se\/?page_id=161"},"modified":"2016-07-25T11:44:39","modified_gmt":"2016-07-25T09:44:39","slug":"cookies","status":"publish","type":"page","link":"https:\/\/www.sakerhetsmaklarna.se\/?page_id=161","title":{"rendered":"Cookies"},"content":{"rendered":"<h2>Vad \u00e4r en kaka?<\/h2>\n<p>En kaka (eller cookie) \u00e4r en liten textfil som en webbplats beg\u00e4r att f\u00e5 spara p\u00e5 bes\u00f6karens dator. Kakor anv\u00e4nds p\u00e5 m\u00e5nga webbplatser f\u00f6r att ge en bes\u00f6kare tillg\u00e5ng till olika funktioner. Informationen i kakan kan ocks\u00e5 anv\u00e4ndas f\u00f6r att f\u00f6lja en anv\u00e4ndares surfande p\u00e5 webbplatser som anv\u00e4nder samma kaka.<\/p>\n<p>Det finns tv\u00e5 typer av kakor. Den ena typen sparar en fil under en l\u00e4ngre tid p\u00e5 bes\u00f6karens dator, kakan har d\u00e5 ett utg\u00e5ngsdatum. Den anv\u00e4nds till exempel vid funktioner som talar om vad som \u00e4r nytt sedan<br \/>\nanv\u00e4ndaren senast bes\u00f6kte den aktuella webbplatsen f\u00f6rra g\u00e5ngen. N\u00e4r utg\u00e5ngsdatumet passerats raderas kakan n\u00e4r anv\u00e4ndaren \u00e5terkommer till den webbplats som skapade den.<\/p>\n<p>Den andra typen av kakor kallas sessionskakor och saknar utg\u00e5ngsdatum. Under tiden en anv\u00e4ndare \u00e4r inne och surfar p\u00e5 en sida, lagras den h\u00e4r kakan tempor\u00e4rt i anv\u00e4ndarens dators minne exempelvis f\u00f6r att h\u00e5lla reda p\u00e5 vilket spr\u00e5k denne har valt. Sessionskakor lagras inte under en l\u00e4ngre tid p\u00e5 anv\u00e4ndarens dator, utan f\u00f6rsvinner n\u00e4r anv\u00e4ndaren st\u00e4nger sin webbl\u00e4sare.<\/p>\n<h2>Vad anv\u00e4nds kakor till?<\/h2>\n<p>H\u00e4r f\u00f6ljer ett antal exempel p\u00e5 vad kakor kan anv\u00e4ndas till:<\/p>\n<p>Kakor anv\u00e4nds ofta f\u00f6r inloggning p\u00e5 webbplatser. N\u00e4r n\u00e5gon loggar in p\u00e5 en webbplats placeras en kaka p\u00e5 dennes dator. Vid varje sidbl\u00e4ddring skickar anv\u00e4ndarens dator kakan till den webbplats denne bes\u00f6ker och med hj\u00e4lp av kakan kan webbplatsen konstatera att anv\u00e4ndaren \u00e4r inloggad och anv\u00e4ndaren slipper anv\u00e4nda anv\u00e4ndarnamn och l\u00f6senord f\u00f6r varje ny sida. P\u00e5 webbplatser som s\u00e4ljer varor anv\u00e4nds kakor f\u00f6r att g\u00f6ra det smidigt att handla. Med hj\u00e4lp av kakor kan webbplatsen h\u00e5lla reda p\u00e5 vilka varor anv\u00e4ndaren har \u201dlagt i sin varukorg\u201d. Med hj\u00e4lp av kakor kan webbplatser registrera vilka personer som bes\u00f6kt vilka sidor. Den informationen kan sedan anv\u00e4ndas f\u00f6r att v\u00e4lja r\u00e4tt annons eller p\u00e5 annat s\u00e4tt skr\u00e4ddarsy de sidor personen f\u00e5r se genom annonsering och skr\u00e4ddarsytt inneh\u00e5ll.<\/p>\n<p>M\u00e5nga kakor som anv\u00e4nds f\u00f6r annonsering och skr\u00e4ddarsytt inneh\u00e5ll \u00e4r tredjepartskakor. Kakor kan anv\u00e4ndas n\u00e4r en anv\u00e4ndare sj\u00e4lv vill skr\u00e4ddarsy webbplatser efter sina anv\u00e4ndarpreferenser. Det kan g\u00e4lla \u00f6nskem\u00e5l om formgivning p\u00e5 en webbplats som man ofta bes\u00f6ker, om anpassad kontrast eller teckenstorlek eller om anpassad sortering eller urval. De flesta webbplatser f\u00f6ljer upp trafiken genom webbstatistik f\u00f6r att kunna f\u00f6rb\u00e4ttra webbplatsen, motivera kostnader och f\u00f6r att l\u00e4ra sig mer om sina m\u00e5lgrupper. M\u00e5nga kakor som anv\u00e4nds f\u00f6r webbstatistik \u00e4r tredjepartskakor. Kakor kan ocks\u00e5 anv\u00e4ndas f\u00f6r att h\u00e5lla reda p\u00e5 vem som r\u00f6star i en omr\u00f6stning f\u00f6r att undvika att en anv\u00e4ndare r\u00f6star flera g\u00e5nger.<\/p>\n<h2>Vad \u00e4r tredjepartskakor?<\/h2>\n<p>Kakor som exempelvis anv\u00e4nds f\u00f6r att samla information f\u00f6r annonsering och skr\u00e4ddarsytt inneh\u00e5ll samt f\u00f6r webbstatistik kan vara s\u00e5 kallade tredjepartskakor. Den h\u00e4r sortens kakor kommer fr\u00e5n n\u00e5gon annan \u00e4n den som \u00e4r ansvarig f\u00f6r webbplatsen t.ex. en annonsfirma via en banner.<\/p>\n<p>En annonsfirma kan placera ut annonser eller statistiktj\u00e4nster som kartl\u00e4gger surfvanor hos anv\u00e4ndarna p\u00e5 m\u00e5nga olika webbplatser. Bes\u00f6karens surfvanor kan d\u00e4rf\u00f6r potentiellt kartl\u00e4ggas p\u00e5 alla webbplatser som anv\u00e4nder sig av samma annons eller statistiktj\u00e4nst.<\/p>\n<p>Eftersom tredjepartskakor g\u00f6r det m\u00f6jligt att skapa mer helt\u00e4ckande kartl\u00e4ggningar av anv\u00e4ndarens surfvanor anses de  k\u00e4nsligare ur ett integritetsperspektiv, d\u00e4rf\u00f6r finns det i de flesta webbl\u00e4sare m\u00f6jlighet att st\u00e4lla in s\u00e5 att tredjepartskakor inte accepteras.<\/p>\n<p>V\u00e4ljer du som webbplatsinnehavare att installera komponenter av olika slag p\u00e5 din webbplats (annonsfunktioner, statistikfunktioner, enk\u00e4tverktyg osv.) finns risk att dessa medf\u00f6r tredjepartskakor. D\u00e5 \u00e4r det s\u00e4rskilt angel\u00e4get att ta reda p\u00e5 vad dessa kakor anv\u00e4nds till, att de som levererar komponenterna \u00e4r seri\u00f6sa och inte missbrukar personuppgifter de kan t\u00e4nkas komma \u00f6ver.<\/p>\n<h2>Vad \u00e4r Flash-kakor?<\/h2>\n<p>Flash-kakor \u00e4r en teknisk konstruktion som liknar kakor. N\u00e4stan alla webbl\u00e4sare har en  Flash player som anv\u00e4nds f\u00f6r att kunna visa Flash-presentationer. Ett v\u00e4lk\u00e4nt exempel p\u00e5 Flash-presentation \u00e4r videospelaren p\u00e5 videosajten YouTube. (Flash-kakor \u00e4r inte bara f\u00f6rknippade med YouTube, utan g\u00e4ller \u00e4ven andra webbplatser.).<\/p>\n<p>En Flash-kaka kan anv\u00e4ndas till att spara dina anv\u00e4ndarpreferenser till exempel ljudvolym. Skillnaden mellan vanliga kakor och Flash-kakor \u00e4r bland annat att en Flash-kaka \u00e4r mycket st\u00f6rre \u00e4n en vanlig kaka<br \/>\noch tar d\u00e4rf\u00f6r st\u00f6rre plats p\u00e5 din h\u00e5rddisk. En Flash-kaka saknar ocks\u00e5 tidsbegr\u00e4nsningar. De finns kvar tills n\u00e5gon raderar dem. N\u00e4r du som anv\u00e4ndare konfigurerar kak-hanteringen i din webbl\u00e4sare omfattas bara vanliga kakor, inte Flash-kakor.<\/p>\n<h2>Du kan st\u00e4nga av cookies<\/h2>\n<p>Om du inte accepterar anv\u00e4ndningen av Cookies kan du \u00e4ndra inst\u00e4llningen i din webbl\u00e4sare s\u00e5 att den inte till\u00e5ter cookies. D\u00e5 kan du inte anv\u00e4nda de tj\u00e4nster som kr\u00e4ver inloggning.<\/p>\n","protected":false},"excerpt":{"rendered":"<p>Vad \u00e4r en kaka? En kaka (eller cookie) \u00e4r en liten textfil som en webbplats beg\u00e4r att f\u00e5 spara p\u00e5 bes\u00f6karens dator. Kakor anv\u00e4nds p\u00e5 m\u00e5nga webbplatser f\u00f6r att ge<\/p>\n<p><a class=\"read-more\" href=\"https:\/\/www.sakerhetsmaklarna.se\/?page_id=161\">L\u00e4s vidare \u00bb<\/a><\/p>\n","protected":false},"author":1,"featured_media":0,"parent":0,"menu_order":0,"comment_status":"closed","ping_status":"closed","template":"","meta":[],"yoast_head":"<!-- This site is optimized with the Yoast SEO plugin v19.11 - https:\/\/yoast.com\/wordpress\/plugins\/seo\/ -->\n<title>Cookies - S\u00e4kerhetsm\u00e4klarna i Sverige AB<\/title>\n<meta name=\"robots\" content=\"index, follow, max-snippet:-1, max-image-preview:large, max-video-preview:-1\" \/>\n<link rel=\"canonical\" href=\"https:\/\/www.sakerhetsmaklarna.se\/?page_id=161\" \/>\n<meta property=\"og:locale\" content=\"sv_SE\" \/>\n<meta property=\"og:type\" content=\"article\" \/>\n<meta property=\"og:title\" content=\"Cookies - S\u00e4kerhetsm\u00e4klarna i Sverige AB\" \/>\n<meta property=\"og:description\" content=\"Vad \u00e4r en kaka? En kaka (eller cookie) \u00e4r en liten textfil som en webbplats beg\u00e4r att f\u00e5 spara p\u00e5 bes\u00f6karens dator. Kakor anv\u00e4nds p\u00e5 m\u00e5nga webbplatser f\u00f6r att geL\u00e4s vidare \u00bb\" \/>\n<meta property=\"og:url\" content=\"https:\/\/www.sakerhetsmaklarna.se\/?page_id=161\" \/>\n<meta property=\"og:site_name\" content=\"S\u00e4kerhetsm\u00e4klarna i Sverige AB\" \/>\n<meta name=\"twitter:card\" content=\"summary_large_image\" \/>\n<meta name=\"twitter:label1\" content=\"Ber\u00e4knad l\u00e4stid\" \/>\n\t<meta name=\"twitter:data1\" content=\"5 minuter\" \/>\n<script type=\"application\/ld+json\" class=\"yoast-schema-graph\">{\"@context\":\"https:\/\/schema.org\",\"@graph\":[{\"@type\":\"WebPage\",\"@id\":\"https:\/\/www.sakerhetsmaklarna.se\/?page_id=161\",\"url\":\"https:\/\/www.sakerhetsmaklarna.se\/?page_id=161\",\"name\":\"Cookies - S\u00e4kerhetsm\u00e4klarna i Sverige AB\",\"isPartOf\":{\"@id\":\"https:\/\/www.sakerhetsmaklarna.se\/#website\"},\"datePublished\":\"2016-07-25T09:44:39+00:00\",\"dateModified\":\"2016-07-25T09:44:39+00:00\",\"breadcrumb\":{\"@id\":\"https:\/\/www.sakerhetsmaklarna.se\/?page_id=161#breadcrumb\"},\"inLanguage\":\"sv-SE\",\"potentialAction\":[{\"@type\":\"ReadAction\",\"target\":[\"https:\/\/www.sakerhetsmaklarna.se\/?page_id=161\"]}]},{\"@type\":\"BreadcrumbList\",\"@id\":\"https:\/\/www.sakerhetsmaklarna.se\/?page_id=161#breadcrumb\",\"itemListElement\":[{\"@type\":\"ListItem\",\"position\":1,\"name\":\"Hem\",\"item\":\"https:\/\/www.sakerhetsmaklarna.se\/\"},{\"@type\":\"ListItem\",\"position\":2,\"name\":\"Cookies\"}]},{\"@type\":\"WebSite\",\"@id\":\"https:\/\/www.sakerhetsmaklarna.se\/#website\",\"url\":\"https:\/\/www.sakerhetsmaklarna.se\/\",\"name\":\"S\u00e4kerhetsm\u00e4klarna i Sverige AB\",\"description\":\"Bygglarm Stockholm\",\"potentialAction\":[{\"@type\":\"SearchAction\",\"target\":{\"@type\":\"EntryPoint\",\"urlTemplate\":\"https:\/\/www.sakerhetsmaklarna.se\/?s={search_term_string}\"},\"query-input\":\"required name=search_term_string\"}],\"inLanguage\":\"sv-SE\"}]}<\/script>\n<!-- \/ Yoast SEO plugin. -->","yoast_head_json":{"title":"Cookies - S\u00e4kerhetsm\u00e4klarna i Sverige AB","robots":{"index":"index","follow":"follow","max-snippet":"max-snippet:-1","max-image-preview":"max-image-preview:large","max-video-preview":"max-video-preview:-1"},"canonical":"https:\/\/www.sakerhetsmaklarna.se\/?page_id=161","og_locale":"sv_SE","og_type":"article","og_title":"Cookies - S\u00e4kerhetsm\u00e4klarna i Sverige AB","og_description":"Vad \u00e4r en kaka? En kaka (eller cookie) \u00e4r en liten textfil som en webbplats beg\u00e4r att f\u00e5 spara p\u00e5 bes\u00f6karens dator. Kakor anv\u00e4nds p\u00e5 m\u00e5nga webbplatser f\u00f6r att geL\u00e4s vidare \u00bb","og_url":"https:\/\/www.sakerhetsmaklarna.se\/?page_id=161","og_site_name":"S\u00e4kerhetsm\u00e4klarna i Sverige AB","twitter_card":"summary_large_image","twitter_misc":{"Ber\u00e4knad l\u00e4stid":"5 minuter"},"schema":{"@context":"https:\/\/schema.org","@graph":[{"@type":"WebPage","@id":"https:\/\/www.sakerhetsmaklarna.se\/?page_id=161","url":"https:\/\/www.sakerhetsmaklarna.se\/?page_id=161","name":"Cookies - S\u00e4kerhetsm\u00e4klarna i Sverige AB","isPartOf":{"@id":"https:\/\/www.sakerhetsmaklarna.se\/#website"},"datePublished":"2016-07-25T09:44:39+00:00","dateModified":"2016-07-25T09:44:39+00:00","breadcrumb":{"@id":"https:\/\/www.sakerhetsmaklarna.se\/?page_id=161#breadcrumb"},"inLanguage":"sv-SE","potentialAction":[{"@type":"ReadAction","target":["https:\/\/www.sakerhetsmaklarna.se\/?page_id=161"]}]},{"@type":"BreadcrumbList","@id":"https:\/\/www.sakerhetsmaklarna.se\/?page_id=161#breadcrumb","itemListElement":[{"@type":"ListItem","position":1,"name":"Hem","item":"https:\/\/www.sakerhetsmaklarna.se\/"},{"@type":"ListItem","position":2,"name":"Cookies"}]},{"@type":"WebSite","@id":"https:\/\/www.sakerhetsmaklarna.se\/#website","url":"https:\/\/www.sakerhetsmaklarna.se\/","name":"S\u00e4kerhetsm\u00e4klarna i Sverige AB","description":"Bygglarm Stockholm","potentialAction":[{"@type":"SearchAction","target":{"@type":"EntryPoint","urlTemplate":"https:\/\/www.sakerhetsmaklarna.se\/?s={search_term_string}"},"query-input":"required name=search_term_string"}],"inLanguage":"sv-SE"}]}},"_links":{"self":[{"href":"https:\/\/www.sakerhetsmaklarna.se\/index.php?rest_route=\/wp\/v2\/pages\/161"}],"collection":[{"href":"https:\/\/www.sakerhetsmaklarna.se\/index.php?rest_route=\/wp\/v2\/pages"}],"about":[{"href":"https:\/\/www.sakerhetsmaklarna.se\/index.php?rest_route=\/wp\/v2\/types\/page"}],"author":[{"embeddable":true,"href":"https:\/\/www.sakerhetsmaklarna.se\/index.php?rest_route=\/wp\/v2\/users\/1"}],"replies":[{"embeddable":true,"href":"https:\/\/www.sakerhetsmaklarna.se\/index.php?rest_route=%2Fwp%2Fv2%2Fcomments&post=161"}],"version-history":[{"count":1,"href":"https:\/\/www.sakerhetsmaklarna.se\/index.php?rest_route=\/wp\/v2\/pages\/161\/revisions"}],"predecessor-version":[{"id":162,"href":"https:\/\/www.sakerhetsmaklarna.se\/index.php?rest_route=\/wp\/v2\/pages\/161\/revisions\/162"}],"wp:attachment":[{"href":"https:\/\/www.sakerhetsmaklarna.se\/index.php?rest_route=%2Fwp%2Fv2%2Fmedia&parent=161"}],"curies":[{"name":"wp","href":"https:\/\/api.w.org\/{rel}","templated":true}]}}